 c. Give p(l).
-6
Let q be 2 + 4 + -8 + 12/3. Let t(r) = -28*r**3 + 6*r**q + 10*r + 27*r**3 - 2*r - 2. Give t(7).
5
Let j(n) = n**3 - n**2 + n. Let w(a) = -7*a**3 + 2*a**2 - 5*a - 5. Let b(u) = 6*j(u) + w(u). Give b(-5).
15
Let o be 2/(4/2) - -2. Let b(c) = c - 4*c + 62 - 65. Calculate b(o).
-12
Suppose 12 - 8 = 2*h. Suppose 4 = h*t - 8. Let p(k) = -k**3 + 5*k**2 + 6*k + 5. What is p(t)?
5
Let y(z) = 7*z + 1. Let i(h) = -4*h + 2. Let j(v) = 1. Let d(u) = i(u) - 3*j(u). Let w(m) = -5*d(m) - 3*y(m). Give w(3).
-1
Let m(j) = -j**2 + 9*j - 10. Suppose u = -2*w + 10, u - 4*u + 4*w = 0. Determine m(u).
10
Let k(h) = -11*h + 15*h**2 - 52*h**2 + 7 + 15*h**2 - 2*h + 21*h**2. Determine k(-13).
7
Let s(f) = f**2 - 7*f + 4. Let i be (8/10)/(4/10). Let h(m) = -16*m**2 + 6*m**i + 5*m + 11*m**2 - 9. Let d be h(-7). Calculate s(d).
-6
Let y(t) be the first derivative of -10*t**2 - 7*t - 8*t + 14*t + 13. Give y(1).
-21
Let m = -13 + 16. Suppose -3*d - m = 4*o + 5, 2*d = -3*o - 6. Let h(y) = y**2 - 4*y - 3. Determine h(o).
9
Suppose 4*p = 3*s - 15, 3*p + 6 = -5*s + 2. Let k(d) be the first derivative of -d**4/4 - 2*d**3/3 + d**2 + 3*d - 5. Give k(p).
6
Let h(i) = -i**3 + 8*i**2 + 7*i + 13. Let b(r) = r - 14. Let s be b(15). Suppose -c + 10 = s. What is h(c)?
-5
Suppose 2*f - y = 1 + 2, 0 = f + 3*y - 19. Suppose -x - 3*z - 3 = 0, -2*x = -2*z + f*z + 10. Let c(d) = -7 + 0*d - 3*d + d + d. Give c(x).
-1
Suppose -5*n - 86 = 2*t, 3*n - 3*t = -3 - 36. Let w(m) = -2*m**2 - 32*m - 1. Let d be w(n). Let q(s) = -10*s**3 - 2*s**2 - s. What is q(d)?
9
Let x = -126 - -128. Let n(h) be the second derivative of 5*h**3/6 + h**2/2 - h. Determine n(x).
11
Let f(z) = -z**3 + 4*z**2 + 2*z + 6. Let b be f(5). Let s be -3*(-6)/b + 3. Suppose u = s - 4. Let h(j) = -j + 1. Determine h(u).
4
Suppose 2*j = -3*r + j + 26, -2*j - 38 = -3*r. Let b(m) = -m**3 - 4*m**3 + 4 + 10*m**2 + 4*m**3. What is b(r)?
4
Let q(k) = -k. Suppose -4*t - 6 = p + 2*p, -3*p - t = -3. Suppose 3*d - p*d = 0. Suppose -2*g = 3*g + l - 5, g + 2*l - 1 = d. What is q(g)?
-1
Let u(y) = -2*y**3 - 6 - 8 + 13*y**2 + 3 + 4 + 11*y. Let s(x) = -3*x**3 + 19*x**2 + 17*x - 11. Let v(l) = 5*s(l) - 7*u(l). What is v(5)?
9
Let f(o) = -o + 7. Let u be f(-2). Let j(i) = 3 + u*i - i - 9*i. Give j(4).
-1
Let h(b) = 8*b - 2. Suppose 5*a - 14 = 1, -2*f - 3*a = -3. Determine h(f).
-26
Let v(k) = -11*k**2 + 3*k**2 + k**3 - 1 + 4*k + 7*k**2 - 3 + 8*k**2. What is v(-6)?
8
Let d(k) be the first derivative of -k - 2*k**3 - 1/4*k**4 + 0*k**2 + 19. Determine d(-6).
-1
Let v be -2 - (-2 + 4 - 2). Let h(g) = -4*g - 2. Let c(p) = -5*p - 1. Let i(t) = v*c(t) + 3*h(t). What is i(6)?
-16
Let l(f) = 20*f**3 + 64*f**2 - 63*f - 52. Let y(h) = 7*h**3 + 22*h**2 - 22*h - 17. Let o(b) = -6*l(b) + 17*y(b). Calculate o(-10).
-17
Let x(o) = -8*o - 2. Let y(f) = -17*f - 5. Let a(u) = 7*x(u) - 3*y(u). What is a(-3)?
16
Let z(i) = 6*i**2 + 56*i + 34. Let q = -99 - -101. Let u(x) = -x**2 - 11*x - 7. Let g(a) = q*z(a) + 11*u(a). What is g(9)?
-9
Suppose 0 = -3*g + w - 1, 2*g - w + 3 = 2*w. Let c(z) = -z**2 - z - 4. Let p be c(g). Let b(s) = 6*s - 12*s**2 + 5*s**2 + 6 + 7*s**2 + s**2. Calculate b(p).
-2
Let t(f) be the third derivative of f**5/60 - 7*f**4/24 + f**3 - 3*f**2 + 16. What is t(7)?
6
Let x(i) = -i**2. Let b(c) = 3*c**2 + 9*c + 15. Let a be b(-7). Let n = a - 96. Calculate x(n).
-9
Let m(i) = -3*i - 1 + 1 - 5. Let c be 5/((-5)/2*(-10)/20). Calculate m(c).
-17
Let b(y) = 8*y**2 - y. Let v be -2*((-91)/2 + 3). Let k = 84 - v. Determine b(k).
9
Suppose 0 = 4*d - 10*d + 30. Suppose d*l = -2 - 13. Let f(q) = -q - 2. Give f(l).
1
Let u(o) = -o**2 - 3*o + 1. Let t be 1*(-2 - (0 - -2)/2). Let f be t - 0*4/12. Calculate u(f).
1
Let x(i) be the third derivative of -i**4/4 - i**3 + i**2 - 330. What is x(5)?
-36
Let l(o) = 8*o**2 + 7*o - 8. Let d(q) = -q**2 - 18*q - 11. Let u be d(-17). Let v(w) = 15*w**2 + 13*w - 15. Let m(f) = u*v(f) - 11*l(f). What is m(2)?
8
Let p = 35 + -28. Let u(j) = -23*j + 18. Let a(n) = 10*n - 8. Let z(f) = 7*a(f) + 3*u(f). What is z(p)?
5
Let x(y) = -5*y + 20. Let g(t) = -4*t + 17. Let c(b) = 6*g(b) - 5*x(b). Give c(-12).
-10
Let y(z) be the third derivative of z**4/6 - 17*z**3/6 - 103*z**2. Determine y(7).
11
Let v(k) be the third derivative of -k**4/12 + 13*k**3/6 + 100*k**2 + 2. Give v(10).
-7
Suppose -10*z + 30 = 20*z. Let w(q) be the first derivative of 1/2*q**2 - q + z. Give w(-1).
-2
Suppose 3*z - 60 = -2*d, -z + 3*d + d = -20. Let o be 68/z - (-6)/(-15). Let v(f) = -1 + 0 + o - f - 1 - f**3 - 6*f**2. Give v(-6).
7
Let c(g) = 5*g - 24. Let b(v) = -3*v + 22. Let u(x) = 3*b(x) + 2*c(x). Give u(-10).
8
Let b(w) = -13*w - 15. Let x be b(-1). Let j(d) be the third derivative of d**2 + 0*d + 1/120*d**6 - 1/24*d**4 - 1/6*d**3 + 0 + 1/20*d**5. What is j(x)?
5
Suppose -2*o + 8 = 2*o. Suppose -z - 3 = o*z. Let m(n) = n - 1. What is m(z)?
-2
Let s(l) = 5*l**3 + 17*l**2 + 10*l - 9. Let i(k) = 14*k**3 + 46*k**2 + 29*k - 26. Let d(r) = 4*i(r) - 11*s(r). What is d(2)?
3
Let x(o) = -o**3 - 6*o**2 - 3*o. Let m be 88/6 + (-3)/(-9). Let n(y) = y**2 - 15*y + 19. Let l be n(m). Let k = l - 24. Determine x(k).
-10
Let w be (-3 + 1)*(-1)/(-2). Let h be ((-8)/(-10) + w)*-5. Let k be 2/(h/3*1). Let m(z) = 3*z - 9. Calculate m(k).
9
Let m(x) be the third derivative of -x**4/24 + x**3/3 - 1586*x**2. Let s(h) = -h - 3. Let q be s(0). Give m(q).
5
Let j(b) be the third derivative of b**4/24 - b**3/3 + b**2. Let y = 12 + -12. Suppose 5*w = 5*s, -5*s = -3*w - y - 6. Determine j(s).
1
Let v(l) = 7*l - 2. Suppose -5*f - 78 = 34*f. Determine v(f).
-16
Let y(n) = -155*n**2 - 154*n**2 - 3*n**3 + 2*n**3 + 17 + 303*n**2. Give y(-5).
-8
Let b(p) = -5*p**2 + 0*p**3 + 0*p**3 - 16*p + 8 + p**3 + 8*p. Suppose 0*t = -5*t + 70. Let r be (-4)/t + 176/28. Give b(r).
-4
Let s = 271 + -275. Let c(h) = -h**2 - 6*h - 1. What is c(s)?
7
Let r(q) = -197*q**2 + 12*q + 51*q**2 + 52*q**2 + 11 + 45*q**2 + 50*q**2. Give r(-12).
11
Let q = 4029 - 4037. Let h(i) = -3*i**3 - 31*i**2 - i + 29. Let w(v) = v**3 + 10*v**2 - 10. Let s(o) = 2*h(o) + 7*w(o). Calculate s(q).
4
Let c be 4*(-3)/((-6)/(-2)). Let b(j) = 6*j + 8. Determine b(c).
-16
Let s(b) be the first derivative of -b**3/3 - 17*b**2/2 - 21*b + 338. Give s(-15).
9
Let n = 10 + -5. Let l(m) = 2*m**3 - 33*m**2 - 11*m + 4. Let g(i) = -3*i**3 + 52*i**2 + 17*i - 7. Let u(x) = -5*g(x) - 8*l(x). Give u(n).
-7
Let g(o) = 5*o + 20. Let s(j) = -8*j - 39. Let h(n) = 5*g(n) + 3*s(n). What is h(0)?
-17
Let f = 4 + -1. Suppose -5*i - f = -2*i. Let l be (-2 - -4) + i + 3. Let d(r) = 2*r**2 - 6*r + 5. Give d(l).
13
Let i(l) = -l**2 + l - 1. Let n(z) = -z**2 - z - 1. Let m(x) = -4*i(x) + n(x). Suppose -2*q + 7 = -o, -11*o + 1 = q - 9*o. Give m(q).
15
Suppose 5*o - 2*m = -6*m + 128, 106 = 4*o + 2*m. Suppose o = 5*f + 8. Let z be 6/f*6/9. Let x(i) = -12*i**2 - 1. Give x(z).
-13
Let y(t) = -35*t - 262. Let f be y(-7). Let k(h) = h**2 + 18*h + 10. Calculate k(f).
-7
Let n(s) = -4*s**3 + s**2 - 3*s - 5. Let l be n(-1). Let f(x) = 5*x**2 - 6*x + 7. Calculate f(l).
34
Let b(o) = -o**3 + 6*o**2 + 6*o - 2. Suppose -10*y + 5*y = -55. Suppose 0 = y*w - 17*w + 42. Determine b(w).
-9
Suppose 66*q - 63*q = 15. Let a(c) be the third derivative of -1/24*c**4 - 2*c**2 + 0*c**3 + 0 + 1/12*c**q + 0*c. Give a(1).
4
Let m(z) be the first derivative of -z**4/4 + 13*z**3/3 + 6*z**2 + 20*z + 561. Determine m(14).
-8
Let p(r) be the first derivative of -r**3/3 + 11*r**2/2 - 3*r + 496. Calculate p(5).
27
Let a(p) = 3954 + 3955 - 7912 - 5*p. Let x(n) = -n - 8. Let k be x(-6). What is a(k)?
7
Let z(w) = -5*w**2 + 17*w + 5. Let k(c) be the third derivative of 0 - 3/8*c**4 + 4*c**2 - 1/2*c**3 + 0*c + 1/20*c**5. Let d(h) = -7*k(h) - 4*z(h). Give d(-6).
-5
Let x(r) be the third derivative of -r**6/720 - r**5/60 - 2*r**4/3 - 15*r**2. Let m(s) be the second derivative of x(s). Let q be 6 - 2/(0 + 2). Give m(q).
-7
Suppose 0 = 4*i - 4*b - 57 + 21, 2*i - 3*b = 23. Let o(h) = 6*h - 4*h + 9 - 3*h. What is o(i)?
5
Let l be -1 - 1 - 3/9*-3. Let t(h) be the first derivative of -h**3/3 + 2. Give t(l).
-1
Let s(r) = 7 - 78*r**2 + 4*r + 1 + 0*r + 81*r**2 - 3. What is s(-1)?
4
Let c(q) be the second derivative of -q**3/6 + 4*q**2 + 3*q. Let d = -281 - -285. Determine c(d).
4
Let i(q) = -q**2